- -40. What is the remainder when 41 is divided by n?
20
Suppose 4*w + 5*o = 22, 4*o - 21 = -5*w + o. Let u(i) = i**2 - 3. Let t be u(w). Let r = 31 - t. Calculate the remainder when r is divided by 13.
12
Calculate the remainder when 19 is divided by 3 + 2/1 + 2.
5
Suppose -207 = -5*i + 2*i. What is the remainder when i is divided by 12?
9
Suppose 5*w = 9 - 109. Let f be 24/(-10) + (-8)/w. Calculate the remainder when (-2)/((-1)/(-22)*f) is divided by 8.
6
Suppose -6*n = -n - 270. Suppose 11 = x - n. Suppose 0*h = -5*h + x. Calculate the remainder when h is divided by 7.
6
Suppose 2 + 10 = 3*k. Calculate the remainder when 10 is divided by k.
2
Let d = 20 - 1. What is the remainder when 37 is divided by d?
18
Let a = -15 - -11. Let y = 12 + a. What is the remainder when y is divided by ((-5)/(-2))/(2/4)?
3
Let p(s) = 9*s - 2*s - 2*s + s**3 + 8*s**2. What is the remainder when p(-7) is divided by ((-1)/(-2))/(2/32)?
6
Let u = 17 - 4. Calculate the remainder when 62 is divided by u.
10
Suppose -3*i = -0*i - 15. Suppose -i*o + 38 = -3*o. What is the remainder when o is divided by 7?
5
Suppose 0 = h + 2*h - 54. Calculate the remainder when 71 is divided by h.
17
Suppose -15 - 20 = -5*s. Suppose 5*t + q = 160, -t + 2*q = -25 - s. Let a = -24 - -35. What is the remainder when t is divided by a?
10
Suppose 0 = -15*a - 37 + 142. What is the remainder when a is divided by 3?
1
Let j = 30 - 10. Suppose -p - 4*p = -j. Suppose -v - p*v = -20. What is the remainder when 6 is divided by v?
2
Let a = -10 + 39. What is the remainder when a is divided by 11?
7
Let m = -3 - -14. Let q(g) = -g**3 - 2*g**2 - 3. Let x = -3 - 0. Calculate the remainder when m is divided by q(x).
5
Let c = 223 - 86. What is the remainder when c is divided by 28?
25
Let k = 3 - -2. Let n be 2/5 - (-56)/10. Suppose -n = -l - l. What is the remainder when k is divided by l?
2
Let j = 12 - 1. What is the remainder when j is divided by 6?
5
Let y(u) = -u**3 + u**2 + 3*u + 3. Let f be (-32)/18 + (-2)/9. Calculate the remainder when y(f) is divided by 5.
4
Suppose 3*j - 19 = -4*b + 26, -3*j = -3*b - 45. What is the remainder when 43 is divided by j?
13
Let j = 113 - 94. What is the remainder when j is divided by 11?
8
Let d(u) = -2*u**2 - 16*u - 13. Calculate the remainder when 62 is divided by d(-6).
7
What is the remainder when (-4 + (-9)/(-3))/((-2)/142) is divided by 18?
17
Let g(w) = 3*w**2 - 5*w - 3. What is the remainder when 73 is divided by g(4)?
23
Calculate the remainder when ((-2)/(-6))/1 - 1905/(-9) is divided by 43.
40
Suppose 0 = -4*n + 3*f - 206, -3*n - 137 - 26 = 2*f. Let g = -36 - n. What is the remainder when 502/10 + 2/(-10) is divided by g?
16
Suppose 16 + 32 = 3*j. Let v = -11 + j. Calculate the remainder when v is divided by 2.
1
Suppose 2*x = -2*x + 5*a + 38, 4*a - 68 = -5*x. Let i(v) = -v**2 + 11*v + 6. Let d be i(7). Let t = 81 - d. Calculate the remainder when t is divided by x.
11
Let a = -4 - -4. What is the remainder when 34 is divided by (a - -2) + 1*10?
10
Let r = -9 - -17. Let s = r + -3. Suppose w - s*z + 9 = 34, -3*w + 87 = -3*z. What is the remainder when w is divided by 8?
6
Let t(n) = -n + 29. Calculate the remainder when 79 is divided by t(9).
19
Suppose 1 + 3 = -4*o. Let c be (o - 1)/(-2) - -31. Suppose 0 = 3*j - 4*w - c, -2*w = -w - 4. Calculate the remainder when 47 is divided by j.
15
Let b = 26 - 14. Let d = 21 - b. What is the remainder when 15 is divided by d?
6
Suppose 2*a + i + 0*i - 24 = 0, -a = -3*i + 2. Calculate the remainder when 2*((-540)/(-8))/5 is divided by a.
7
Suppose -288 = -5*a + 387. Suppose 3*v = -0*v + a. Suppose -v = -4*d - d. What is the remainder when 17 is divided by d?
8
Let g(b) = 6*b**2 - 1. What is the remainder when g(-1) is divided by 3?
2
Let h(o) = -3*o - 2*o + 2*o + 2*o - 2. What is the remainder when 18 is divided by h(-12)?
8
Let p = -6 - -10. Suppose -p*w - 2*f + 13 = -w, w = -4*f + 1. Suppose w*v - 95 = -30. What is the remainder when v is divided by 7?
6
Suppose 0 = g - 5 + 2. Suppose y - 8 + g = 0. What is the remainder when y is divided by 3?
2
Suppose -9*t = -8*t - 19. What is the remainder when t is divided by 5?
4
Suppose 0 = 5*m - 25. Calculate the remainder when 10 + (-1 + 25/10)*2 is divided by m.
3
Suppose 39 = -4*i + 207. What is the remainder when i is divided by 11?
9
Let a(m) = -4*m + 3. What is the remainder when 20 is divided by a(-2)?
9
Let a = -136 - -158. Calculate the remainder when 94 is divided by a.
6
Suppose -5*n - 5*v = 10, -2*v + 12 = -4*n + 2*n. Calculate the remainder when 54 is divided by 1/(n/2)*-28.
12
Let t = -2 - -27. What is the remainder when 99 is divided by t?
24
What is the remainder when -1 + 1 + 47 - 3 is divided by 15?
14
Let q = 9 + -6. Let u(b) = b**3 - 6*b**2 + 2*b - 9. Let x be u(6). What is the remainder when q is divided by ((-4)/x)/((-2)/3)?
1
Let g(f) be the third derivative of f**4/12 - 2*f**3/3 + 4*f**2. What is the remainder when 27 is divided by g(7)?
7
What is the remainder when 52 + 7/((-35)/10) is divided by 26?
24
Suppose 2*k = -0*k - 8. Calculate the remainder when 7 is divided by (-8 + 10)*(-6)/k.
1
Suppose g - 12 = o - 3*g, o - 3*g + 8 = 0. What is the remainder when o is divided by 3?
1
Let z(y) = 2*y**2 + 10*y + 3. Calculate the remainder when 74 is divided by z(-6).
14
What is the remainder when 9 is divided by 38/10 + (-12)/(-60)?
1
Suppose -5*f + 25 = 0, f - 5 = 3*p + p. Suppose -2*n = 4*b - 16, p = 4*n + 2*b - 7*b + 7. Suppose g = n*g - 8. Calculate the remainder when g is divided by 3.
2
Let i(s) = -11*s. Let l be 1 + 2/((-2)/3). Let d = 11 + -3. Calculate the remainder when i(l) is divided by d.
6
Let u(f) = -9*f**3 - f. Let z be u(1). Let w(x) = x**2 + 10*x + 13. Calculate the remainder when 49 is divided by w(z).
10
Let i(d) = -d - 2. What is the remainder when 8 is divided by i(-5)?
2
Suppose 3*a + 2*x - 42 = 7*x, -4*a + 4*x + 56 = 0. Calculate the remainder when a is divided by 9.
5
Let l(b) = 5*b**2 + 7*b. Let m be l(-5). Suppose m = c + c. What is the remainder when c is divided by 23?
22
Suppose t - 4 = -2*g - 2, -26 = 5*t - 2*g. Let w be (-2)/3*(-6)/t. Calculate the remainder when 18 is divided by w/4 + (-82)/(-8).
8
Let c(u) = 1 - 2*u**3 + u**3 + 5*u**2 + 2*u - 3. Calculate the remainder when c(4) is divided by 12.
10
Suppose 5*q - 2*q = 57. Calculate the remainder when q is divided by 5.
4
Suppose -12*z - 804 = -16*z. What is the remainder when z is divided by 12?
9
Suppose 5*x = 8 + 2. Let m(b) = b**3 + b - 1. Let r be m(0). Calculate the remainder when x is divided by (5/10)/(r/(-2)).
0
Let k = 44 - 23. Let p = 206 + -144. Calculate the remainder when p is divided by k.
20
Let s(n) = -29*n - 4. Calculate the remainder when s(-2) is divided by 19.
16
Let l(b) = -b**3 - b**2 + b - 2. Let n be l(-2). What is the remainder when 5/(5/62) - n is divided by 13?
10
Suppose l - 3*x + 12 = -8, -5*x = -4*l - 94. Let m = l + 69. What is the remainder when m is divided by 11?
10
Let s = -5 - -7. Let j = 22 + s. Calculate the remainder when j is divided by 13.
11
Let s(h) = -h**2 + h. Let b be s(0). Suppose -k + b = -4. What is the remainder when k is divided by 3?
1
Suppose 0 = 4*a - 78 - 122. Suppose 7*x - a = 2*x. What is the remainder when x is divided by 6?
4
Suppose 7*a + 69 - 237 = 0. Calculate the remainder when a is divided by 13.
11
Let v = -16 + 10. Suppose d + 3*m + 2*m - 32 = 0, -d = -3*m. Let l = v + d. Calculate the remainder when l is divided by 4.
2
Let s be 9/6 - 10/4. Calculate the remainder when 53 is divided by 16 + s + 1 + 2.
17
Let s = -1 + 8. Calculate the remainder when s is divided by (3/6)/(2/12).
1
Suppose v = 6*t - 2*t - 5, v - 5*t + 6 = 0. What is the remainder when (-8)/(v/10*2) is divided by 14?
12
Suppose 0*i - 35 = -2*g + 3*i, 3*g - 5*i - 54 = 0. What is the remainder when g is divided by 5?
3
Let j(a) = 2*a**2 + 12*a - 9. Calculate the remainder when 6 is divided by j(-7).
1
Suppose 0*r = 2*r - 8. Let w = 15 - 7. What is the remainder when w is divided by r?
0
Suppose 2*y = 2*u + 40, 0 = -3*y - 3 - 9. Let t = u + 36. Calculate the remainder when t is divided by 5.
2
Suppose -o + 0*o = 5*x - 228, 2*x = 0. Let y be (14/21)/(2/o). Suppose -7*t = -2*t + 4*v - y, 5*t - 83 = 3*v. What is the remainder when 47 i